{"id":203,"date":"2018-11-23T13:58:33","date_gmt":"2018-11-23T13:58:33","guid":{"rendered":"http:\/\/genesis.st-josef-marktredwitz.de\/?page_id=203"},"modified":"2022-11-17T14:12:31","modified_gmt":"2022-11-17T14:12:31","slug":"kircheneintritt","status":"publish","type":"page","link":"https:\/\/www.st-josef-marktredwitz.de\/?page_id=203","title":{"rendered":"Kircheneintritt"},"content":{"rendered":"\n<h4 class=\"wp-block-heading\">Sie wollen in die Katholische Kirche eintreten?<\/h4>\n\n\n\n<p>Christ wird man nicht allein durch das Aneignen von Wissen, sondern vor allem durch Erfahrungen und Begegnungen, durch den Austausch und das Gespr\u00e4ch mit anderen Christen. Darum sollte der Weg zum Christsein, der als &#8222;Katechumenat&#8220; bezeichnet wird, m\u00f6glichst zusammen mit anderen in einer Gruppe bzw. Gemeinde gegangen werden.<\/p>\n\n\n\n<h4 class=\"wp-block-heading\">Sie sind aus der Katholischen Kirche ausgetreten und wollen wieder aufgenommen werden?<\/h4>\n\n\n\n<p>Ein Kirchenaustritt ist keine unwiderrufliche Entscheidung. Immer wieder kehren Menschen in die Gemeinschaft der Kirche zur\u00fcck.<\/p>\n\n\n\n<p>Die Gr\u00fcnde f\u00fcr eine solche R\u00fcckkehr sind vielf\u00e4ltig: Begegnungen mit glaubw\u00fcrdigen Christen, die das Leben in der Kirche in einem neuen Licht erscheinen lassen; die Geburt eines Kindes, dem man den Weg zu einem Leben in der Kirche \u00f6ffnen m\u00f6chte; der Wunsch nach einer kirchlichen Eheschlie\u00dfung oder einem kirchlichen Begr\u00e4bnis; Schicksalsschl\u00e4ge; die Suche nach dem Lebenssinn oder besondere positive Erfahrungen, die religi\u00f6se Fragen wieder wach werden lassen&#8230;<\/p>\n\n\n\n<p>Die R\u00fcckkehr in die Kirche ist in solchen F\u00e4llen immer m\u00f6glich.<\/p>\n\n\n\n<h4 class=\"wp-block-heading\">Sie geh\u00f6rten oder geh\u00f6ren noch einer anderen Kirche an und m\u00f6chten in die Katholische Kirche eintreten?<\/h4>\n\n\n\n<p>Mit dem \u00dcbertritt in die katholische Kirche entscheiden Sie sich ganz bewusst f\u00fcr den Weg als katholischer Christ Ihren Glauben zu leben und zu feiern.<\/p>\n\n\n\n<p>Quelle: <a href=\"http:\/\/www.katholisch-werden.de\">www.katholisch-werden.de<\/a><\/p>\n","protected":false},"excerpt":{"rendered":"<p>Sie wollen in die Katholische Kirche eintreten? Christ wird man nicht allein durch das Aneignen von Wissen, sondern vor allem durch Erfahrungen und Begegnungen, durch den Austausch und das Gespr\u00e4ch mit anderen Christen. Darum sollte der Weg zum Christsein, der als &#8222;Katechumenat&#8220; bezeichnet wird, m\u00f6glichst zusammen mit anderen in einer Gruppe bzw. Gemeinde gegangen werden. [&hellip;]<\/p>\n","protected":false},"author":1,"featured_media":0,"parent":29,"menu_order":30,"comment_status":"closed","ping_status":"closed","template":"","meta":{"footnotes":""},"class_list":["post-203","page","type-page","status-publish","hentry"],"publishpress_future_action":{"enabled":false,"date":"2026-04-28 13:15:39","action":"change-status","newStatus":"draft","terms":[],"taxonomy":"","extraData":[]},"publishpress_future_workflow_manual_trigger":{"enabledWorkflows":[]},"_links":{"self":[{"href":"https:\/\/www.st-josef-marktredwitz.de\/index.php?rest_route=\/wp\/v2\/pages\/203","targetHints":{"allow":["GET"]}}],"collection":[{"href":"https:\/\/www.st-josef-marktredwitz.de\/index.php?rest_route=\/wp\/v2\/pages"}],"about":[{"href":"https:\/\/www.st-josef-marktredwitz.de\/index.php?rest_route=\/wp\/v2\/types\/page"}],"author":[{"embeddable":true,"href":"https:\/\/www.st-josef-marktredwitz.de\/index.php?rest_route=\/wp\/v2\/users\/1"}],"replies":[{"embeddable":true,"href":"https:\/\/www.st-josef-marktredwitz.de\/index.php?rest_route=%2Fwp%2Fv2%2Fcomments&post=203"}],"version-history":[{"count":1,"href":"https:\/\/www.st-josef-marktredwitz.de\/index.php?rest_route=\/wp\/v2\/pages\/203\/revisions"}],"predecessor-version":[{"id":2149,"href":"https:\/\/www.st-josef-marktredwitz.de\/index.php?rest_route=\/wp\/v2\/pages\/203\/revisions\/2149"}],"up":[{"embeddable":true,"href":"https:\/\/www.st-josef-marktredwitz.de\/index.php?rest_route=\/wp\/v2\/pages\/29"}],"wp:attachment":[{"href":"https:\/\/www.st-josef-marktredwitz.de\/index.php?rest_route=%2Fwp%2Fv2%2Fmedia&parent=203"}],"curies":[{"name":"wp","href":"https:\/\/api.w.org\/{rel}","templated":true}]}}