{"id":52,"date":"2018-11-20T15:44:41","date_gmt":"2018-11-20T15:44:41","guid":{"rendered":"http:\/\/genesis.st-josef-marktredwitz.de\/?page_id=52"},"modified":"2026-03-26T16:53:36","modified_gmt":"2026-03-26T16:53:36","slug":"pfarrgemeinderat","status":"publish","type":"page","link":"https:\/\/www.st-josef-marktredwitz.de\/?page_id=52","title":{"rendered":"Pfarrgemeinderat"},"content":{"rendered":"\n<p>Beim Pfarrgemeinderat handelt es sich um ein beratendes Gremium, das den Pfarrer unterst\u00fctzt. Die Amtszeit des Pfarrgemeinderats betr\u00e4gt 4 Jahre. Die hauptamtlichen, gew\u00e4hlten und berufenen Mitglieder des Pfarrgemeindesrates unserer Pfarrei verstehen sich als Gl\u00e4ubige, die aktiv das Leben unserer Gemeinde mittragen und mitgestalten.&nbsp;Der Pfarrgemeinderat kommt regul\u00e4r alle 6 bis 8 Wochen im Pfarrsaal St. Josef zusammen. Bei Bedarf finden auch au\u00dferordentliche Sitzungen statt.<\/p>\n\n\n\n<figure class=\"wp-block-image size-large\"><img loading=\"lazy\" decoding=\"async\" width=\"1024\" height=\"608\" src=\"https:\/\/www.st-josef-marktredwitz.de\/wp-content\/uploads\/2026\/03\/Foto-PGR-1024x608.jpg\" alt=\"\" class=\"wp-image-3076\" srcset=\"https:\/\/www.st-josef-marktredwitz.de\/wp-content\/uploads\/2026\/03\/Foto-PGR-1024x608.jpg 1024w, https:\/\/www.st-josef-marktredwitz.de\/wp-content\/uploads\/2026\/03\/Foto-PGR-500x297.jpg 500w, https:\/\/www.st-josef-marktredwitz.de\/wp-content\/uploads\/2026\/03\/Foto-PGR-768x456.jpg 768w, https:\/\/www.st-josef-marktredwitz.de\/wp-content\/uploads\/2026\/03\/Foto-PGR.jpg 1332w\" sizes=\"auto, (max-width: 1024px) 100vw, 1024px\" \/><\/figure>\n\n\n\n<h4 class=\"wp-block-heading\">Gew\u00e4hlte und berufene Mitglieder des Pfarrgemeinderats<\/h4>\n\n\n\n<figure class=\"wp-block-table\"><table><tbody><tr><td>Cornelia Bareuther<\/td><td>Birgit Barthel<\/td><td>Tim Burger<\/td><\/tr><tr><td>Teresa Daniel<\/td><td>Christine Degelmann<\/td><td>Fabian Holler<\/td><\/tr><tr><td>Karin Hollmann<\/td><td>Andrea H\u00f6sl<\/td><td>Katarzyna Lenik<\/td><\/tr><tr><td>B\u00e4rbel Mader<\/td><td>Christine Waterloo<\/td><td>Benedikt Wedlich<\/td><\/tr><tr><td>Johannes Weyer<\/td><td>Peter Weyer<\/td><td><\/td><\/tr><\/tbody><\/table><\/figure>\n\n\n\n<h4 class=\"wp-block-heading\">Vorsitzender<\/h4>\n\n\n\n<p>Pfarrer Stefan Langer &#8211; <a href=\"mailto:stefan.langer@bistum-regensburg.de\">stefan.langer@bistum-regensburg.de<\/a>, 09231\/965220<\/p>\n\n\n\n<h4 class=\"wp-block-heading\">Pfarrgemeinderatssprecher<\/h4>\n\n\n\n<p>Peter Weyer &#8211; <a href=\"mailto:gemeinde@peter-weyer.de\">gemeinde@peter-weyer.de<\/a>, 09231\/879357<\/p>\n\n\n\n<h4 class=\"wp-block-heading\">Stellvertretender Pfarrgemeinderatssprecher<\/h4>\n\n\n\n<p>Benedikt Wedlich &#8211; <a href=\"mailto:benedikt.wedlich@web.de\">benedikt.wedlich@web.de<\/a>, 0151\/20175417<\/p>\n\n\n\n<pre class=\"wp-block-preformatted\">&nbsp;<\/pre>\n","protected":false},"excerpt":{"rendered":"<p>Beim Pfarrgemeinderat handelt es sich um ein beratendes Gremium, das den Pfarrer unterst\u00fctzt. Die Amtszeit des Pfarrgemeinderats betr\u00e4gt 4 Jahre. Die hauptamtlichen, gew\u00e4hlten und berufenen Mitglieder des Pfarrgemeindesrates unserer Pfarrei verstehen sich als Gl\u00e4ubige, die aktiv das Leben unserer Gemeinde mittragen und mitgestalten.&nbsp;Der Pfarrgemeinderat kommt regul\u00e4r alle 6 bis 8 Wochen im Pfarrsaal St. Josef [&hellip;]<\/p>\n","protected":false},"author":1,"featured_media":0,"parent":25,"menu_order":3,"comment_status":"closed","ping_status":"closed","template":"","meta":{"footnotes":""},"class_list":["post-52","page","type-page","status-publish","hentry"],"publishpress_future_action":{"enabled":false,"date":"2026-05-09 12:47:10","action":"change-status","newStatus":"draft","terms":[],"taxonomy":"","extraData":[]},"publishpress_future_workflow_manual_trigger":{"enabledWorkflows":[]},"_links":{"self":[{"href":"https:\/\/www.st-josef-marktredwitz.de\/index.php?rest_route=\/wp\/v2\/pages\/52","targetHints":{"allow":["GET"]}}],"collection":[{"href":"https:\/\/www.st-josef-marktredwitz.de\/index.php?rest_route=\/wp\/v2\/pages"}],"about":[{"href":"https:\/\/www.st-josef-marktredwitz.de\/index.php?rest_route=\/wp\/v2\/types\/page"}],"author":[{"embeddable":true,"href":"https:\/\/www.st-josef-marktredwitz.de\/index.php?rest_route=\/wp\/v2\/users\/1"}],"replies":[{"embeddable":true,"href":"https:\/\/www.st-josef-marktredwitz.de\/index.php?rest_route=%2Fwp%2Fv2%2Fcomments&post=52"}],"version-history":[{"count":5,"href":"https:\/\/www.st-josef-marktredwitz.de\/index.php?rest_route=\/wp\/v2\/pages\/52\/revisions"}],"predecessor-version":[{"id":3077,"href":"https:\/\/www.st-josef-marktredwitz.de\/index.php?rest_route=\/wp\/v2\/pages\/52\/revisions\/3077"}],"up":[{"embeddable":true,"href":"https:\/\/www.st-josef-marktredwitz.de\/index.php?rest_route=\/wp\/v2\/pages\/25"}],"wp:attachment":[{"href":"https:\/\/www.st-josef-marktredwitz.de\/index.php?rest_route=%2Fwp%2Fv2%2Fmedia&parent=52"}],"curies":[{"name":"wp","href":"https:\/\/api.w.org\/{rel}","templated":true}]}}

<p>Beim Pfarrgemeinderat handelt es sich um ein beratendes Gremium, das den Pfarrer unterstützt. Die Amtszeit des Pfarrgemeinderats beträgt 4 Jahre. Die hauptamtlichen, gewählten und berufenen Mitglieder des Pfarrgemeindesrates unserer Pfarrei verstehen sich als Gläubige, die aktiv das Leben unserer Gemeinde mittragen und mitgestalten.&nbsp;Der Pfarrgemeinderat kommt regulär alle 6 bis 8 Wochen im Pfarrsaal St. Josef zusammen. Bei Bedarf finden auch außerordentliche Sitzungen statt.</p>



<figure class="wp-block-image size-large"><img loading="lazy" decoding="async" width="1024" height="608" src="https://www.st-josef-marktredwitz.de/wp-content/uploads/2026/03/Foto-PGR-1024x608.jpg" alt="" class="wp-image-3076" srcset="https://www.st-josef-marktredwitz.de/wp-content/uploads/2026/03/Foto-PGR-1024x608.jpg 1024w, https://www.st-josef-marktredwitz.de/wp-content/uploads/2026/03/Foto-PGR-500x297.jpg 500w, https://www.st-josef-marktredwitz.de/wp-content/uploads/2026/03/Foto-PGR-768x456.jpg 768w, https://www.st-josef-marktredwitz.de/wp-content/uploads/2026/03/Foto-PGR.jpg 1332w" sizes="auto, (max-width: 1024px) 100vw, 1024px" /></figure>



<h4 class="wp-block-heading">Gewählte und berufene Mitglieder des Pfarrgemeinderats</h4>



<figure class="wp-block-table"><table><tbody><tr><td>Cornelia Bareuther</td><td>Birgit Barthel</td><td>Tim Burger</td></tr><tr><td>Teresa Daniel</td><td>Christine Degelmann</td><td>Fabian Holler</td></tr><tr><td>Karin Hollmann</td><td>Andrea Hösl</td><td>Katarzyna Lenik</td></tr><tr><td>Bärbel Mader</td><td>Christine Waterloo</td><td>Benedikt Wedlich</td></tr><tr><td>Johannes Weyer</td><td>Peter Weyer</td><td></td></tr></tbody></table></figure>



<h4 class="wp-block-heading">Vorsitzender</h4>



<p>Pfarrer Stefan Langer &#8211; <a href="mailto:stefan.langer@bistum-regensburg.de">stefan.langer@bistum-regensburg.de</a>, 09231/965220</p>



<h4 class="wp-block-heading">Pfarrgemeinderatssprecher</h4>



<p>Peter Weyer &#8211; <a href="mailto:gemeinde@peter-weyer.de">gemeinde@peter-weyer.de</a>, 09231/879357</p>



<h4 class="wp-block-heading">Stellvertretender Pfarrgemeinderatssprecher</h4>



<p>Benedikt Wedlich &#8211; <a href="mailto:benedikt.wedlich@web.de">benedikt.wedlich@web.de</a>, 0151/20175417</p>



<pre class="wp-block-preformatted">&nbsp;</pre>

<p>Beim Pfarrgemeinderat handelt es sich um ein beratendes Gremium, das den Pfarrer unterstützt. Die Amtszeit des Pfarrgemeinderats beträgt 4 Jahre. Die hauptamtlichen, gewählten und berufenen Mitglieder des Pfarrgemeindesrates unserer Pfarrei verstehen sich als Gläubige, die aktiv das Leben unserer Gemeinde mittragen und mitgestalten.&nbsp;Der Pfarrgemeinderat kommt regulär alle 6 bis 8 Wochen im Pfarrsaal St. Josef [&hellip;]</p>
