{"id":522,"date":"2019-04-17T19:10:01","date_gmt":"2019-04-17T19:10:01","guid":{"rendered":"http:\/\/genesis.st-josef-marktredwitz.de\/?page_id=522"},"modified":"2022-11-17T17:07:34","modified_gmt":"2022-11-17T17:07:34","slug":"familien-und-kinderwortgottesdienste","status":"publish","type":"page","link":"https:\/\/www.st-josef-marktredwitz.de\/?page_id=522","title":{"rendered":"Familien- und Kinderwortgottesdienste"},"content":{"rendered":"\n<figure class=\"wp-block-gallery has-nested-images columns-default is-cropped wp-block-gallery-2 is-layout-flex wp-block-gallery-is-layout-flex\">\n<figure class=\"wp-block-image size-large\"><img loading=\"lazy\" decoding=\"async\" width=\"731\" height=\"1024\" data-id=\"1666\" src=\"https:\/\/www.st-josef-marktredwitz.de\/wp-content\/uploads\/2021\/12\/Weihnachten2021-scaled-e1640361402690-731x1024.jpg\" alt=\"\" class=\"wp-image-1666\" srcset=\"https:\/\/www.st-josef-marktredwitz.de\/wp-content\/uploads\/2021\/12\/Weihnachten2021-scaled-e1640361402690-731x1024.jpg 731w, https:\/\/www.st-josef-marktredwitz.de\/wp-content\/uploads\/2021\/12\/Weihnachten2021-scaled-e1640361402690-357x500.jpg 357w, https:\/\/www.st-josef-marktredwitz.de\/wp-content\/uploads\/2021\/12\/Weihnachten2021-scaled-e1640361402690-768x1075.jpg 768w, https:\/\/www.st-josef-marktredwitz.de\/wp-content\/uploads\/2021\/12\/Weihnachten2021-scaled-e1640361402690-1097x1536.jpg 1097w, https:\/\/www.st-josef-marktredwitz.de\/wp-content\/uploads\/2021\/12\/Weihnachten2021-scaled-e1640361402690-870x1218.jpg 870w, https:\/\/www.st-josef-marktredwitz.de\/wp-content\/uploads\/2021\/12\/Weihnachten2021-scaled-e1640361402690.jpg 1440w\" sizes=\"auto, (max-width: 731px) 100vw, 731px\" \/><\/figure>\n\n\n\n<figure class=\"wp-block-image size-large\"><img loading=\"lazy\" decoding=\"async\" width=\"1024\" height=\"637\" data-id=\"2177\" src=\"https:\/\/www.st-josef-marktredwitz.de\/wp-content\/uploads\/2022\/11\/Familiengottesdienste-1024x637.jpg\" alt=\"\" class=\"wp-image-2177\" srcset=\"https:\/\/www.st-josef-marktredwitz.de\/wp-content\/uploads\/2022\/11\/Familiengottesdienste-1024x637.jpg 1024w, https:\/\/www.st-josef-marktredwitz.de\/wp-content\/uploads\/2022\/11\/Familiengottesdienste-500x311.jpg 500w, https:\/\/www.st-josef-marktredwitz.de\/wp-content\/uploads\/2022\/11\/Familiengottesdienste-768x478.jpg 768w, https:\/\/www.st-josef-marktredwitz.de\/wp-content\/uploads\/2022\/11\/Familiengottesdienste-1536x955.jpg 1536w, https:\/\/www.st-josef-marktredwitz.de\/wp-content\/uploads\/2022\/11\/Familiengottesdienste-2048x1273.jpg 2048w\" sizes=\"auto, (max-width: 1024px) 100vw, 1024px\" \/><\/figure>\n\n\n\n<figure class=\"wp-block-image size-large\"><img loading=\"lazy\" decoding=\"async\" width=\"1024\" height=\"723\" data-id=\"2180\" src=\"https:\/\/www.st-josef-marktredwitz.de\/wp-content\/uploads\/2022\/11\/Ostergarten-1024x723.jpg\" alt=\"\" class=\"wp-image-2180\" srcset=\"https:\/\/www.st-josef-marktredwitz.de\/wp-content\/uploads\/2022\/11\/Ostergarten-1024x723.jpg 1024w, https:\/\/www.st-josef-marktredwitz.de\/wp-content\/uploads\/2022\/11\/Ostergarten-500x353.jpg 500w, https:\/\/www.st-josef-marktredwitz.de\/wp-content\/uploads\/2022\/11\/Ostergarten-768x542.jpg 768w, https:\/\/www.st-josef-marktredwitz.de\/wp-content\/uploads\/2022\/11\/Ostergarten-1536x1084.jpg 1536w, https:\/\/www.st-josef-marktredwitz.de\/wp-content\/uploads\/2022\/11\/Ostergarten.jpg 2000w\" sizes=\"auto, (max-width: 1024px) 100vw, 1024px\" \/><\/figure>\n<\/figure>\n\n\n\n<p>Wir erarbeiten &#8211; meist in gem\u00fctlicher Runde &#8211; die Gestaltung der kommenden Familiengottesdienste:<\/p>\n\n\n\n<ul class=\"wp-block-list\">\n<li>Kyrie-Rufe und F\u00fcrbitten passen wir an die Schrifttexte und&nbsp;das aktuelle Geschehen der Woche an.<\/li>\n\n\n\n<li>Texte&nbsp;und Lieder&nbsp;werden so ausgesucht bzw. gestaltet, dass sie gut verst\u00e4ndlich sind und insbesondere Familien&nbsp;n\u00e4her&nbsp;gebracht werden k\u00f6nnen.<\/li>\n\n\n\n<li>Wir \u00fcberlegen uns Zeichen&nbsp;und Symbole&nbsp;f\u00fcr den Gottesdienst und gestalten&nbsp;kleine Geschenke (&#8222;Mitgebsel&#8220;), die als Erinnerung&nbsp;von den Kindern mit nach Hause genommen werden d\u00fcrfen.<\/li>\n<\/ul>\n\n\n\n<p>Wir m\u00f6chten:<\/p>\n\n\n\n<ul class=\"wp-block-list\">\n<li>Kinder und Jugendliche st\u00e4rker und aktiv in die Sonntagsgottesdienste einbeziehen, weil sie&nbsp;als Getaufte zur Gemeinde geh\u00f6ren und weil sie die Zukunft unserer Kirche sind.<\/li>\n\n\n\n<li>Lebendige Gottesdienste gestalten, die m\u00f6glichst alle Altersgruppen ansprechen.<\/li>\n\n\n\n<li>F\u00fcr Erwachsene sollen&nbsp;unsere Gottesdienste eine Chance sein, neue Zug\u00e4nge zum Glauben zu finden.<\/li>\n<\/ul>\n\n\n\n<p>Um die Gottesdienste vorzubereiten, kommen wir&nbsp;an einem Samstag vor der Advents-&nbsp;bzw.&nbsp;Fastenzeit zusammen. Au\u00dferdem findet ein Vorbereitungstreffen ca. 2 Wochen vor den zu gestaltenden Familiengottesdiensten im Kirchen-Caf\u00e9 statt.<\/p>\n\n\n\n<p><strong>Kontakt:<\/strong>&nbsp;Christina Weyer,&nbsp;<a href=\"mailto:christina.weyer@gmx.de\">christina.weyer@gmx.de<\/a><\/p>\n","protected":false},"excerpt":{"rendered":"<p>Wir erarbeiten &#8211; meist in gem\u00fctlicher Runde &#8211; die Gestaltung der kommenden Familiengottesdienste: Wir m\u00f6chten: Um die Gottesdienste vorzubereiten, kommen wir&nbsp;an einem Samstag vor der Advents-&nbsp;bzw.&nbsp;Fastenzeit zusammen. Au\u00dferdem findet ein Vorbereitungstreffen ca. 2 Wochen vor den zu gestaltenden Familiengottesdiensten im Kirchen-Caf\u00e9 statt. Kontakt:&nbsp;Christina Weyer,&nbsp;christina.weyer@gmx.de<\/p>\n","protected":false},"author":1,"featured_media":0,"parent":27,"menu_order":2,"comment_status":"closed","ping_status":"closed","template":"","meta":{"footnotes":""},"class_list":["post-522","page","type-page","status-publish","hentry"],"publishpress_future_action":{"enabled":false,"date":"2026-05-09 00:42:30","action":"change-status","newStatus":"draft","terms":[],"taxonomy":"","extraData":[]},"publishpress_future_workflow_manual_trigger":{"enabledWorkflows":[]},"_links":{"self":[{"href":"https:\/\/www.st-josef-marktredwitz.de\/index.php?rest_route=\/wp\/v2\/pages\/522","targetHints":{"allow":["GET"]}}],"collection":[{"href":"https:\/\/www.st-josef-marktredwitz.de\/index.php?rest_route=\/wp\/v2\/pages"}],"about":[{"href":"https:\/\/www.st-josef-marktredwitz.de\/index.php?rest_route=\/wp\/v2\/types\/page"}],"author":[{"embeddable":true,"href":"https:\/\/www.st-josef-marktredwitz.de\/index.php?rest_route=\/wp\/v2\/users\/1"}],"replies":[{"embeddable":true,"href":"https:\/\/www.st-josef-marktredwitz.de\/index.php?rest_route=%2Fwp%2Fv2%2Fcomments&post=522"}],"version-history":[{"count":2,"href":"https:\/\/www.st-josef-marktredwitz.de\/index.php?rest_route=\/wp\/v2\/pages\/522\/revisions"}],"predecessor-version":[{"id":2191,"href":"https:\/\/www.st-josef-marktredwitz.de\/index.php?rest_route=\/wp\/v2\/pages\/522\/revisions\/2191"}],"up":[{"embeddable":true,"href":"https:\/\/www.st-josef-marktredwitz.de\/index.php?rest_route=\/wp\/v2\/pages\/27"}],"wp:attachment":[{"href":"https:\/\/www.st-josef-marktredwitz.de\/index.php?rest_route=%2Fwp%2Fv2%2Fmedia&parent=522"}],"curies":[{"name":"wp","href":"https:\/\/api.w.org\/{rel}","templated":true}]}}

<figure class="wp-block-gallery has-nested-images columns-default is-cropped wp-block-gallery-2 is-layout-flex wp-block-gallery-is-layout-flex">
<figure class="wp-block-image size-large"><img loading="lazy" decoding="async" width="731" height="1024" data-id="1666" src="https://www.st-josef-marktredwitz.de/wp-content/uploads/2021/12/Weihnachten2021-scaled-e1640361402690-731x1024.jpg" alt="" class="wp-image-1666" srcset="https://www.st-josef-marktredwitz.de/wp-content/uploads/2021/12/Weihnachten2021-scaled-e1640361402690-731x1024.jpg 731w, https://www.st-josef-marktredwitz.de/wp-content/uploads/2021/12/Weihnachten2021-scaled-e1640361402690-357x500.jpg 357w, https://www.st-josef-marktredwitz.de/wp-content/uploads/2021/12/Weihnachten2021-scaled-e1640361402690-768x1075.jpg 768w, https://www.st-josef-marktredwitz.de/wp-content/uploads/2021/12/Weihnachten2021-scaled-e1640361402690-1097x1536.jpg 1097w, https://www.st-josef-marktredwitz.de/wp-content/uploads/2021/12/Weihnachten2021-scaled-e1640361402690-870x1218.jpg 870w, https://www.st-josef-marktredwitz.de/wp-content/uploads/2021/12/Weihnachten2021-scaled-e1640361402690.jpg 1440w" sizes="auto, (max-width: 731px) 100vw, 731px" /></figure>



<figure class="wp-block-image size-large"><img loading="lazy" decoding="async" width="1024" height="637" data-id="2177" src="https://www.st-josef-marktredwitz.de/wp-content/uploads/2022/11/Familiengottesdienste-1024x637.jpg" alt="" class="wp-image-2177" srcset="https://www.st-josef-marktredwitz.de/wp-content/uploads/2022/11/Familiengottesdienste-1024x637.jpg 1024w, https://www.st-josef-marktredwitz.de/wp-content/uploads/2022/11/Familiengottesdienste-500x311.jpg 500w, https://www.st-josef-marktredwitz.de/wp-content/uploads/2022/11/Familiengottesdienste-768x478.jpg 768w, https://www.st-josef-marktredwitz.de/wp-content/uploads/2022/11/Familiengottesdienste-1536x955.jpg 1536w, https://www.st-josef-marktredwitz.de/wp-content/uploads/2022/11/Familiengottesdienste-2048x1273.jpg 2048w" sizes="auto, (max-width: 1024px) 100vw, 1024px" /></figure>



<figure class="wp-block-image size-large"><img loading="lazy" decoding="async" width="1024" height="723" data-id="2180" src="https://www.st-josef-marktredwitz.de/wp-content/uploads/2022/11/Ostergarten-1024x723.jpg" alt="" class="wp-image-2180" srcset="https://www.st-josef-marktredwitz.de/wp-content/uploads/2022/11/Ostergarten-1024x723.jpg 1024w, https://www.st-josef-marktredwitz.de/wp-content/uploads/2022/11/Ostergarten-500x353.jpg 500w, https://www.st-josef-marktredwitz.de/wp-content/uploads/2022/11/Ostergarten-768x542.jpg 768w, https://www.st-josef-marktredwitz.de/wp-content/uploads/2022/11/Ostergarten-1536x1084.jpg 1536w, https://www.st-josef-marktredwitz.de/wp-content/uploads/2022/11/Ostergarten.jpg 2000w" sizes="auto, (max-width: 1024px) 100vw, 1024px" /></figure>
</figure>



<p>Wir erarbeiten &#8211; meist in gemütlicher Runde &#8211; die Gestaltung der kommenden Familiengottesdienste:</p>



<ul class="wp-block-list">
<li>Kyrie-Rufe und Fürbitten passen wir an die Schrifttexte und&nbsp;das aktuelle Geschehen der Woche an.</li>



<li>Texte&nbsp;und Lieder&nbsp;werden so ausgesucht bzw. gestaltet, dass sie gut verständlich sind und insbesondere Familien&nbsp;näher&nbsp;gebracht werden können.</li>



<li>Wir überlegen uns Zeichen&nbsp;und Symbole&nbsp;für den Gottesdienst und gestalten&nbsp;kleine Geschenke (&#8222;Mitgebsel&#8220;), die als Erinnerung&nbsp;von den Kindern mit nach Hause genommen werden dürfen.</li>
</ul>



<p>Wir möchten:</p>



<ul class="wp-block-list">
<li>Kinder und Jugendliche stärker und aktiv in die Sonntagsgottesdienste einbeziehen, weil sie&nbsp;als Getaufte zur Gemeinde gehören und weil sie die Zukunft unserer Kirche sind.</li>



<li>Lebendige Gottesdienste gestalten, die möglichst alle Altersgruppen ansprechen.</li>



<li>Für Erwachsene sollen&nbsp;unsere Gottesdienste eine Chance sein, neue Zugänge zum Glauben zu finden.</li>
</ul>



<p>Um die Gottesdienste vorzubereiten, kommen wir&nbsp;an einem Samstag vor der Advents-&nbsp;bzw.&nbsp;Fastenzeit zusammen. Außerdem findet ein Vorbereitungstreffen ca. 2 Wochen vor den zu gestaltenden Familiengottesdiensten im Kirchen-Café statt.</p>



<p><strong>Kontakt:</strong>&nbsp;Christina Weyer,&nbsp;<a href="mailto:christina.weyer@gmx.de">christina.weyer@gmx.de</a></p>

<p>Wir erarbeiten &#8211; meist in gemütlicher Runde &#8211; die Gestaltung der kommenden Familiengottesdienste: Wir möchten: Um die Gottesdienste vorzubereiten, kommen wir&nbsp;an einem Samstag vor der Advents-&nbsp;bzw.&nbsp;Fastenzeit zusammen. Außerdem findet ein Vorbereitungstreffen ca. 2 Wochen vor den zu gestaltenden Familiengottesdiensten im Kirchen-Café statt. Kontakt:&nbsp;Christina Weyer,&nbsp;christina.weyer@gmx.de</p>
